 0, -3*g + 4*g - j = 510. Suppose 3*d + g = 3*x, 5*d - 955 = -4*x - 239. What are the prime factors of x?
2, 3, 29
Let a(w) = 20 - 13*w + 35*w + 15*w + 35*w. List the prime factors of a(6).
2, 113
Suppose -2*l - 77 = -13. List the prime factors of (4/(4/(-5)) - l)*6.
2, 3
Let z(q) = -803*q - 1565. List the prime factors of z(-15).
2, 5, 131
Suppose -282118 = -56*b + 249770. What are the prime factors of b?
2, 3, 1583
Suppose -28*f + 10*f + 54738 = 0. List the prime factors of f.
3041
Let o(r) = 9*r**2 - 13*r + 2391. List the prime factors of o(-41).
7, 2579
Let t(a) = -1028*a - 6472. List the prime factors of t(-43).
2, 9433
Suppose -15*h - 3*h + 201585 = -441879. List the prime factors of h.
2, 3, 331
Suppose 5*o - 3*z - 32631 = 0, 9*o - 11*o + 3*z + 13056 = 0. List the prime factors of o.
3, 5, 29
Suppose -9018*j + 9028*j = 53410. What are the prime factors of j?
7, 109
Let p(h) = -57*h + 5. Let x(z) = 56*z - 5. Let m(y) = 5*p(y) + 4*x(y). Let a be 6/15*10*(-5)/20. List the prime factors of m(a).
2, 3, 11
Let q(m) = -2*m**2 + 8*m - 17. Let o(z) = -4*z**2 + 18*z - 34. Let a(l) = 2*o(l) - 5*q(l). What are the prime factors of a(5)?
47
Let r be 0*5/(-15) + 0. Suppose 0*i + i - 5 = r. Suppose i*c - 7*j + 3*j = 305, -c - 5*j = -32. List the prime factors of c.
3, 19
Let t = 693 - 810. Let c = 711 - t. What are the prime factors of c?
2, 3, 23
Let q be 2/(-16) + 903/56. Suppose q + 94 = -5*z. List the prime factors of z/(20/28 + -1).
7, 11
Let d(v) = -4*v**3 - 6*v**2 + 8*v - 9. Let x(t) = 11*t**3 + 19*t**2 - 22*t + 27. Let l(f) = 17*d(f) + 6*x(f). What are the prime factors of l(-4)?
313
Suppose 0 = 6*q + b + 74 - 91, 5*q - b = 16. Let w = 9 - 19. What are the prime factors of (3*w/25)/(q/(-370))?
2, 37
Let j(r) = -233*r - 429. Let b = 40 - 48. List the prime factors of j(b).
5, 7, 41
Let t(l) = 4*l**2 - 179*l - 1. What are the prime factors of t(59)?
2, 41
Let a(g) = -4*g - 57. Let b be a(-14). What are the prime factors of 1087/(b - -2) + 3?
2, 5, 109
Let c = -7983 - -13635. List the prime factors of c.
2, 3, 157
Let z be ((-26)/8 - -3) + (-31)/4. Let d(k) = 16*k + 329. What are the prime factors of d(z)?
3, 67
Suppose 2*s + 52 = 52. Suppose -3*a + 5*m - 77 = -529, -5*a - 5*m + 780 = s. Suppose -a = -p - 35. List the prime factors of p.
7, 17
Suppose 2083*f = 2252*f - 12227319. List the prime factors of f.
3, 8039
Let p = 273 + -183. Suppose 0 = -0*f - 5*f - 3*w + 236, w + p = 2*f. List the prime factors of f.
2, 23
Let b be 1409/(35/15 + -2). Suppose b + 5718 = 15*g. List the prime factors of g.
3, 13, 17
Suppose -13*k - 44*k + 260203 - 1024 = 0. List the prime factors of k.
4547
Let z = 6108 + 179. What are the prime factors of z?
6287
Suppose 3867*j - 3826*j = 511352. What are the prime factors of j?
2, 1559
Suppose -151*g + 1916662 + 1866700 = -105*g. What are the prime factors of g?
11, 7477
Suppose 1506*m - 1505*m + 2*d - 17044 = 0, 5*d = -2*m + 34092. What are the prime factors of m?
2, 4259
Let t(g) = 5*g**2 - 2*g - 1. Let p be t(2). Suppose -4*r - 2*y = 178, -1 = 2*y - 3. What are the prime factors of (p/r)/((-2)/(-4))*-183?
2, 61
Suppose -37444 = -2*g + 2*z, 4*z = 12*g - 17*g + 93556. What are the prime factors of g?
2, 4679
Let g = 1324 - 748. Suppose -3*q = -3*m - 0*m - g, -2*q + 386 = -4*m. Suppose 10*s + q = 1841. What are the prime factors of s?
3, 5, 11
What are the prime factors of (-25)/((-100)/48584) - 8?
2, 3, 7, 17
Suppose 5*p - 4*v = -376, 3*v + 14 = -p - 46. Let q be (-3)/(-7) + p/(-28). Let z(k) = 6*k**2 + 9*k - 7. What are the prime factors of z(q)?
2, 37
Suppose -76*t = -61*t - 134700. List the prime factors of t.
2, 5, 449
Let y be 9668*1*-7*3/(-42). Suppose 5*i - 5*j = 8015, i - y = -2*i - 2*j. List the prime factors of i.
2, 3, 67
Let x(g) = 3*g - 16. Let l be x(8). Let m be (-96)/l*6/8. Let h = 9 - m. List the prime factors of h.
2, 3
Suppose 7*o - 516617 = -21*o - 115657. List the prime factors of o.
2, 5, 179
Let p(m) be the second derivative of m**5/20 + 3*m**4/4 - m**3/6 - 25*m**2/2 + 149*m. List the prime factors of p(-6).
89
Suppose -g - 9*q + 8251 = -12*q, 3*g = -5*q + 24739. List the prime factors of g.
2, 1031
Let t(f) = 3*f**2 - 259*f + 468. List the prime factors of t(125).
2, 1871
Suppose -16 = -2*s - 0*m - 4*m, 6 = 3*m. Suppose 5*h - 4*y + 4 - 12 = 0, 0 = s*h - y - 13. What are the prime factors of h?
2
Let s = 126 + -67. Suppose -2*y - s = -z + 66, -516 = -4*z + 4*y. What are the prime factors of z?
7, 19
Let r(q) be the second derivative of q**4/12 + 13*q**3/6 + 17*q**2/2 - 5*q. Let p be r(-12). Suppose 4*m = p*m - 64. List the prime factors of m.
2
Let r = -3189 + 19650. Suppose 7*m - 38*m = -r. What are the prime factors of m?
3, 59
Let u be 2388/2 - (-2 + 10 + -4). Let n = u - 830. List the prime factors of n.
2, 3, 5
Suppose 0 = -4*u - 4*r + 18792, 12*u - r - 18817 = 8*u. List the prime factors of u.
4703
Let f(u) = 496*u**3 - 2*u**2 + 80*u - 246. What are the prime factors of f(3)?
2, 3, 557
Suppose 0 = -0*y - 5*y. Suppose -253*q + 244*q + 8226 = y. List the prime factors of q.
2, 457
Let f = 4606 - -2000. List the prime factors of f.
2, 3, 367
Let m(l) = -2*l - 14. Let a be m(-17). Let x be -2*50*(-25)/a. Suppose -126*g + x*g + 143 = 0. What are the prime factors of g?
11, 13
Suppose 10 = 4*d - 6. Suppose q = -n - 1, 0 = -2*n - 0*q + 4*q + d. List the prime factors of 1463/21 + n + 4/(-6).
3, 23
Let d = 178 + -174. Suppose -u + f = -299, -3*u - d*f = 2*u - 1450. List the prime factors of u.
2, 3, 7
Suppose -5*v + c = -16524, 3324 = v - 5*c - 0*c. List the prime factors of v.
2, 7, 59
Suppose 3*h + 0 = 6. Suppose -m + h*c + 59 = 0, -4*c = m + c - 24. What are the prime factors of 25/15*m + 2/(-3)?
3
Suppose 12 = 11*c - 21. Suppose q + 875 = c*d, d + 15*q - 11*q = 270. List the prime factors of d.
2, 5, 29
Let t = 6212 - 2257. List the prime factors of t.
5, 7, 113
Let z = -301 + 303. Suppose -2*r + 987 = -t, r + z*t - 486 = -0*r. What are the prime factors of r?
2, 3, 41
Suppose 103 = 5*b + 3. Suppose q + 5*z - 48 = 0, 3*z + z = -b. List the prime factors of q.
73
Let w be 349 - (12/(-10) + (-10)/(-50)). Let c = -149 + w. Let n = c - 74. List the prime factors of n.
127
Let b be ((-1)/((-3)/(-42)))/((-4)/(-2)). Let a be (-2 + 27/12)/(b/(-140)). Suppose -a*s - q = -736, 5*s - 3*s - q = 293. What are the prime factors of s?
3, 7
Let g be (1170/9)/(5 - (3 - 0)). Let q(o) = 24*o - 2. Let x be q(2). Let p = g - x. What are the prime factors of p?
19
Let a = 608 - -457. Suppose -2*h + a = 5*y - 566, 990 = 3*y + 5*h. List the prime factors of y.
5, 13
Suppose -4*w + 4*i = 2*i - 84, 2*w - 50 = -3*i. Suppose 0*c = -2*u + c + 26, u - 5*c = w. List the prime factors of u.
2, 3
Let i(c) = c**2 - c + 3. Let h be (-1)/(-4) + 0 + 966/8. Let w = -135 + h. What are the prime factors of i(w)?
3, 71
Suppose -m - 418 = -4*h - 3*m, h = -4*m + 108. Suppose 8*k - h = 744. List the prime factors of k.
2, 53
Suppose -16*h + 80146 + 64478 = 0. List the prime factors of h.
3, 23, 131
Let h = 6049 - 5613. What are the prime factors of h?
2, 109
Suppose 3*m + 2*q - 10 - 4 = 0, -q + 8 = 2*m. Suppose -m*w + 139 + 310 = u, -3*u = -4*w + 873. What are the prime factors of w?
2, 3, 37
Let j(i) = -177*i**3 - 19*i**2 - 87*i + 1. List the prime factors of j(-4).
3, 17, 223
Let v be (5/(-15))/(5/(-60)). Suppose -v*y + 2*y + 528 = 0. What are the prime factors of y?
2, 3, 11
Let p = -18 + 19. Let y = p - 14. Let q(r) = -r**2 - 14*r + 27. List the prime factors of q(y).
2, 5
Let s = -11 - -13. Suppose x + s*r - 561 = -0*x, r + 552 = x. List the prime factors of x/30*(2*2)/2.
37
Let q(o) = 7*o**2 - 5*o**2 + 77 - 21*o + 5*o - o**2. List the prime factors of q(26).
337
Suppose 181*b = 185*b - 6240. Suppose 0 = 58*q - 59*q + b. List the prime factors of q.
2, 3, 5, 13
Let d(v) = 106*v - 78. Suppose 15 = i + 5*r, -i - 8*r + 4*r = -13. List the prime factors of d(i).
2, 113
Let i(j) = -55 + 68 - 196 - 61*j + 5*j. List the prime factors of i(-6).
3, 17
Suppose 473*p - 228*p - 220*p = 1794875. List the prime factors of p.
5, 83, 173
Suppose -69*q = -1551571 + 331720. List the prime factors of q.
3, 71, 83
Let f(h) = 485*h - 203. What are the prime factors of f(6)?
2707
Suppose -5*y + 4*l + 5 = 2*l, 5*y + 5*l + 30 = 0. What are the prime f